5*m - 8. Let b = m - -11. Give u(b).
2
Let k(f) be the second derivative of -f**5/20 + f**4/6 - f**3/6 + f. Let h be 1 + (0/3)/(-2). Let g be (-1 + 2 - h) + 2. What is k(g)?
-2
Let c(x) = -3*x + 5. Let m(r) = 9*r + 3. Let a be m(-4). Let b be a/(-6) + (-4)/8. Give c(b).
-10
Let f = -3 - -5. Let r = 4 - 4. Let c(g) = 2 - g**f + r*g**2 - 2*g**2 + 2*g**2. Calculate c(0).
2
Let r(l) = -l**3 - 6*l**2 - 6*l - 3. Let f = -26 + 22. Determine r(f).
-11
Let r = 3 + -1. Let g(q) = q**3 + 7 - 2*q**2 - 2*q + 2*q - 3*q - 4. Calculate g(r).
-3
Let r(j) be the first derivative of -j**6/360 + j**5/20 - j**4/8 - j**3/3 - 4. Let d(t) be the third derivative of r(t). Give d(5).
2
Let c(t) = -8*t + 3. Let f(p) = p**3 + 14*p**2 + p + 16. Let r be f(-14). What is c(r)?
-13
Suppose 4*s = -3*a - 9, 5*a = -3*s - 0*s - 4. Let g(t) = -4*t**2 - 2*t - 2. Let k(r) = 3 + 11*r**2 + 6*r - 1 + 3. Let z(p) = -8*g(p) - 3*k(p). What is z(s)?
-2
Let j(t) = t + 3. Let m = 4 + -16. Let y be (10/4)/(6/m). Determine j(y).
-2
Suppose -5 = 2*a - 13. Suppose 5*w - 4 = -a*m, -3*w = -m - 0 + 1. Let j(l) = -l**2 - l + 3. What is j(w)?
3
Suppose z - 16 = -3*m, 0 = 5*z + 3*m - 13 - 7. Let k(a) = 3*a**2. Give k(z).
3
Suppose 3*f - 23 - 1 = 0. Suppose -5*w = -3*w - f. Let g(z) be the second derivative of -z**3/3 + z. Determine g(w).
-8
Let a = -34 + 39. Let t(w) = w**3 - 5*w**2 + w - 4. What is t(a)?
1
Let r(w) be the third derivative of w**4/8 - w**3/6 + 7*w**2. Let y(o) = 4*o - 1. Let q(h) = -5*r(h) + 4*y(h). Suppose 0 = -3*z + 6 + 6. Calculate q(z).
5
Suppose -6 = -5*n + 14. Let v(q) = -q**2 + 10*q + 2. Let u be v(10). Let x(o) = 22*o + 1 - 6 + u - 23*o. Give x(n).
-7
Let a(u) = -5*u + 11 + 8 + 8 - 30. Give a(-6).
27
Let b(v) = -v**3 + 4*v**2 - 4*v + 6. Let z be b(3). Let g(h) = -7 + z - 3*h + 5*h + 3. Determine g(-1).
-3
Let u(p) = p - 1. Suppose 0 = 2*r - 4*r - 8. Calculate u(r).
-5
Let a(r) be the first derivative of r**3/3 + 3*r**2/2 - 2*r + 5. Give a(-4).
2
Let n(s) be the first derivative of 2*s**4 - s**2 + s + 2. Suppose 2*f + 4*h = 2, -2*f + 5*h - 2 = -4. What is n(f)?
7
Let r(d) be the first derivative of -d**2/2 + 10*d - 18. What is r(-7)?
17
Let x(c) = 4*c**2 - c - 1. Let b be x(-1). Let v(u) be the third derivative of 0*u + 1/6*u**4 + 3*u**2 - 2/3*u**3 - 1/60*u**5 + 0. Determine v(b).
-4
Let p(a) = -3*a + 1. Let v be p(1). Let o be 4/(-2) - -2 - v. Suppose 4*d - o - 2 = 0. Let k(t) = t**3 - t**2 + t. Give k(d).
1
Let m(c) = 5 - 4*c - 4*c + 9*c + 2. Calculate m(-7).
0
Let h(u) be the second derivative of 0 + u**2 + 1/20*u**5 - u + 1/4*u**4 + 2/3*u**3. Give h(-2).
-2
Let a be 3 - (1562/(-48))/(-11). Let d(u) be the third derivative of u**3 - a*u**4 + 0*u + 0 - u**2. Calculate d(5).
1
Let u(f) = -2*f**2 + 2*f + 8. Let l(v) = v**2 + v - 1. Let k(b) = 3*l(b) + u(b). What is k(-4)?
1
Let c(q) = -q. Let h(f) = -1. Let x(g) = -c(g) + 2*h(g). Give x(5).
3
Let t(j) = j**3 - j**2 - j + 2. Let i(u) = u**3 + 5*u**2 + 3*u - 2. Let s be i(-4). Give t(s).
4
Suppose -2*b + 2 = d - 5*d, 4*b = 5*d - 8. Let v = -5 - b. Let f(q) = q + v*q - q**2 - 2*q. What is f(-1)?
-2
Let z(r) be the third derivative of 1/30*r**5 + 0 + 2*r**2 + 1/12*r**4 + 0*r + 1/240*r**6 + 0*r**3. Let c(y) be the second derivative of z(y). Calculate c(-4).
-8
Let f(r) = -r**2 + r - 7. Let b = 24 + -12. Suppose 0*w - 3*w - b = 0. Let c(i) = i + 4. Let t be c(w). Determine f(t).
-7
Let v(m) = m + 8. Let s be v(-8). Let a be 2 + -3 + -3 + s. Let j(k) = -2*k**2 - 2 + 3*k**2 + k**2 - 6*k - 3*k**2. Give j(a).
6
Suppose -1 = -3*o - 19. Let f(w) = -w**3 - 5*w**2 + 4*w - 6. What is f(o)?
6
Let i(m) be the third derivative of m**6/120 - m**5/12 + m**4/8 + m**3/3 + 7*m**2. Determine i(4).
-2
Let k(p) = 3*p - 4*p + 3*p - 1. Suppose -3*n - n + 26 = 2*a, -n - 4 = -3*a. Let b be n - ((-2)/(-1) - -2). Calculate k(b).
1
Let s(l) = 3*l**2 - 13*l + 12. Let q be s(3). Let w(p) = -3*p**2 - 3*p + 14. Let x(y) = 8*y**2 + 8*y - 41. Let r(i) = 11*w(i) + 4*x(i). Determine r(q).
-10
Let z(i) be the first derivative of -i**4/24 + i**3/2 - i**2/2 - 1. Let v(d) be the second derivative of z(d). What is v(0)?
3
Let q(j) = j**3 + 5*j**2 + 3*j - 2. Let s = 5 - 1. Let z = -2 + s. Let t be ((-12)/15)/(z/10). Calculate q(t).
2
Let o = 6 + -16. Let s be o/(-6)*(-3 - 0). Let h(x) = -x**2 - 2*x + 4. What is h(s)?
-11
Let q(u) = u + 4. Let t(i) = 3. Let m(n) = 4*q(n) - 5*t(n). Calculate m(5).
21
Let f(i) = -i**3 + 5*i**2 + i - 6. Let g be f(5). Let z(y) be the third derivative of -y**6/15 + y**5/60 + y**4/24 + 4*y**2. Calculate z(g).
8
Let l(u) = 0*u + 4*u**2 - 4377 + 4375 + 4*u**3 + 2*u. Give l(-2).
-22
Let y(s) = 7*s. Let r be y(1). Let v(o) = 4*o**2 + 3*o + r + o**3 - 4*o - 3 - 2*o**3. Let a(j) = j**2 + 3*j. Let m be a(-4). Determine v(m).
0
Let o(n) = -n + 3. Let y be 2 + (-10)/15*-3. What is o(y)?
-1
Let n(p) = -4*p**3 - 2*p + 1. Suppose 3*a - 9 - 6 = 0. Suppose d = -4*c + 20, -4*d = -a*d. Let x be 3 - (0 - (3 - c)). What is n(x)?
-5
Let f(y) = -y**3 - y**2 + y + 1. Let m(i) = -6*i**3 - 2*i**2 + 3*i + 8. Let c(k) = -5*f(k) + m(k). Let t be c(3). Let a(r) = -r**2 - r + 3. Determine a(t).
-3
Let z(s) = -s - 1. Let r be ((-16)/(-20))/(2/(-10)). Calculate z(r).
3
Let h(f) = -11*f**3 - f**2 + 1. Suppose u + 3*m + 7 = 2*u, -5*u + 4*m + 90 = 0. Let j = u + -21. Give h(j).
-11
Let v(u) = -3*u**2 + 1. Suppose -3*k + b = -7, -5*b - 15 = 2*k + 3*k. Let j = 2 - k. Calculate v(j).
-2
Suppose 3*d - 9 = -3*c, d - 3*c - 4 = -1. Let h(q) be the second derivative of -1/6*q**3 + 1/2*q**2 - q + 0. What is h(d)?
-2
Let h(c) = c**3 - 4*c**2 - c - 3. Let f(p) = -p**3 + 6*p**2 + 3*p - 13. Let v be f(6). What is h(v)?
17
Let n(v) be the second derivative of -v**3/6 - 17*v**2/2 + 3*v + 18. Determine n(-12).
-5
Let t(z) be the second derivative of z**4/12 + z**3/2 + z**2/2 + 2*z. Let o be t(-4). Let g(v) = -v + 5*v - 5*v + 2*v + 1. Calculate g(o).
6
Suppose 4*r = 12, -9 = 3*s - 6*s - 2*r. Let l(v) = 0*v + s - 2*v + 0 + 3*v. Let o(n) = -n**3 + n**2. Let k be o(1). Give l(k).
1
Let r(j) be the second derivative of j**3/6 + j**2 - j. Let n be -9*(3 + 30/(-9)). Suppose -5*y - 20 = 0, 6*y = -n*w + 2*y - 16. Give r(w).
2
Let j = -19 - -26. Let o = -13 + j. Let k(a) = -a**3 - 5*a**2 + 6*a - 8. Determine k(o).
-8
Let z be (-2)/(-4) + 5/2. Suppose -z*h = -4*h. Suppose -2*y - 4*m + 14 + 10 = 0, h = 2*m - 8. Let j(c) = -c**2 + 6*c - 1. What is j(y)?
7
Let i(q) = 2*q**3 + 3*q**2 + 3*q - 1. Let b(h) = -h**3 - 2*h**2 - h. Let r(x) = 5*b(x) + 3*i(x). Let d(s) = -s + 3. Let o be d(5). Let z = o + 4. Give r(z).
9
Let s = -31 + 43. Suppose -4*w - 5*y - 13 - s = 0, -4*y - 20 = -4*w. Let j(x) = -x**2 - x + 6. Give j(w).
6
Let o(w) = w. Let u(l) = 1 - 6 - 1 - 2*l. Let v be u(-6). Determine o(v).
6
Let j(r) = -r - 4. Let l be j(2). Let h(k) = 5*k + 6. Give h(l).
-24
Let v(t) = -4*t**3 + t**2 - 1. Let b(q) = q - 5. Suppose -3*x - 1 + 4 = f, -4*f + 5*x = -29. Let m be b(f). Calculate v(m).
-4
Let m(g) = -g**2 + 25*g - 41. Let d be m(23). Let c(y) = -y**2 + 8*y - 1. Determine c(d).
14
Let p = 18 + -15. Let r(w) = p + 3 - 2 - 2*w + 2. What is r(6)?
-6
Let l(p) = 3*p + 1. Suppose 0 = -2*i - m + 10, 2*i - i = -m + 7. Suppose -i*v = -7*v + 4. Let x be v/(3/(-6)*-2). Give l(x).
4
Suppose 2*t - 4 = -0*t. Suppose -4*g - 6 - t = 0. Let c(w) = w**3 + 2*w**2 - 1. Calculate c(g).
-1
Let v(s) = -s**3 - s**2 - s - 3. Let q be v(-2). Let h(b) = -b**2 + 3*b + 3. Calculate h(q).
3
Let k = -17 + 22. Suppose -4*p + w - k = 0, 0 = 4*w + w - 5. Let q(x) = -5*x. What is q(p)?
5
Let a(d) = d**3 + 6*d**2 + 4*d - 2. Suppose -v = v - 72. Let z be 2/14 + v/(-7). Determine a(z).
3
Let h(y) = -y**3 - 7*y**2 - 10*y + 6. Let d be h(-5). Let g(x) = -x**2 + 8*x - 2. Calculate g(d).
10
Let r(y) = 3*y - 4. Let s(j) = -6*j + 9. Let l(n) = -9*r(n) - 4*s(n). Let w(f) = -3*f + 1. Let d(x) = -6*l(x) + 5*w(x). Give d(-4).
-7
Let c = 127 - 128. Let r(v) be the second derivative of v**4/6 + v**2/2 + v. What is r(c)?
3
Let p(i) be the third derivative of i**6/120 - i**5/10 - i**4/12 + i**3/3 - i**2. Suppose 16 = 3*c + c, -14 = -v - 2*c. Determine p(v).
-10
Let r(u) be the third derivative of u**7/5040 + u**6/180 + u**5/60 + 4*u**2. Let g(o) be the third derivative of r(o). What is g(4)?
8
Suppose -5*b - 28 - 12 = 0. Let z be ((-6)/(-4))/(6/64). Let c be